t is the remainder when 72 is divided by -5 + -2 - -12 - (-36 + -9)?
22
Let w be 18 - (0 - 3/(-3)). Suppose -h + 14 = 12. Suppose h*q + w = 123. Calculate the remainder when q is divided by 7.
4
Let d(c) = 3*c**3 - 13*c**2 - 7*c + 2. Let z be d(5). Suppose -2*u + 5 + 17 = -3*v, u - 3*v - z = 0. Calculate the remainder when u is divided by 4.
1
Let a = 1110 - 1082. What is the remainder when a is divided by 3?
1
Let o = 9970 - 9065. What is the remainder when o is divided by 5?
0
Let p(f) = 3*f - 78. Let w be p(-32). Let s be (-40)/12*(-12)/10. What is the remainder when 142 is divided by 8/(-12)*w/s?
26
Suppose 1113 - 51 = 6*o. Let b(y) = -y**3 - 19*y**2 + 18*y - 22. What is the remainder when o is divided by b(-20)?
15
Let o = 277 + -253. Calculate the remainder when 60 is divided by o + -5*6/30*5.
3
Suppose -8*x + 5*x + z = 566, -4*x + z - 756 = 0. Suppose 3*r + 16 = 4*r. What is the remainder when (-7590)/x + (-5)/(-95) is divided by r?
8
Let m(k) = 12*k - 37. Let i be m(6). Suppose -i*o = -34*o - 32. What is the remainder when 127 is divided by o?
31
Let b(g) = -60*g - 1713. Calculate the remainder when b(-35) is divided by 125.
12
Let q(t) = -t**2 + 25*t + 123. Suppose -9*o = 29*o - 1102. What is the remainder when 211 is divided by q(o)?
1
Let z = -12869 + 12888. What is the remainder when 388 is divided by z?
8
Let q(x) = -3426*x - 202092. Let m be (-1899)/(-6)*4/6. What is the remainder when 0 + -2 - (1 - m) is divided by q(-59)?
40
Let l = -31 + 33. Let v(p) = 53*p - 9. Let b(q) = 51*q - 10. Let g(n) = -3*b(n) + 4*v(n). What is the remainder when g(l) is divided by 29?
25
Let b = 7574 - 7539. Calculate the remainder when 2064 is divided by b.
34
Let r = -34 + 58. Suppose -84*z + 11317 = -1871. What is the remainder when z is divided by r?
13
Suppose 0 = p - 90 + 62. Calculate the remainder when 8070/75 + 6/(-10)*1 is divided by p.
23
Let h(l) be the third derivative of l**6/120 - l**5/2 + 35*l**4/24 - 61*l**3/3 + 3*l**2. Calculate the remainder when h(29) is divided by 18.
16
What is the remainder when (43 - 7)/6 - 330/(-9)*21 is divided by 16?
8
Let c = -54859 + 54882. What is the remainder when c is divided by 2 + (0/2)/(-1)?
1
Let d(z) = z**3 + 39*z**2 + 7*z + 278. Calculate the remainder when 113 is divided by d(-39).
3
Suppose -5*g + 3*l = -897, -4*l + 132 + 772 = 5*g. What is the remainder when g is divided by 8?
4
Suppose -5*a = -2*j - 350, 4*j = -29*a + 26*a + 210. What is the remainder when 284 is divided by 15 - (-7)/(a/(-40))?
9
Let i = -80 + 178. Suppose -230*n = -211*n - 551. Calculate the remainder when i is divided by n.
11
Suppose 3*f + 30 = 8*f. Suppose u - f = 25. Calculate the remainder when 149 is divided by u.
25
Let z = 2741 - 2312. Calculate the remainder when z is divided by 168.
93
Suppose 87*q + 12*q - 36135 = 0. Calculate the remainder when q is divided by 92.
89
Calculate the remainder when (-6 - 96/16)/((-4)/102) is divided by 163.
143
Suppose -43*p = -38*p + 15. Calculate the remainder when 17 is divided by p - ((-264)/(-4))/(-6).
1
Let m(u) = -u**3 - 4*u**2 - 2*u - 2. Let j be m(-3). Calculate the remainder when (-1484)/21*(-3)/2 is divided by 4 + 35/j - -39.
34
Let n be (-5 + (-92)/(-12))*(-258)/(-8). Suppose -n = 2*j - 28. Let i = j - -65. Calculate the remainder when i is divided by 19.
17
Suppose 4*i - 2*i + 5*o = 24, 2*i - 24 = -2*o. Let w be (-4)/(-3)*(-4284)/448*8. Let c = 125 + w. Calculate the remainder when c is divided by i.
11
Suppose 74 = 3*h + 4*b, -3*b + 123 = -5*h + 227. Calculate the remainder when 481 is divided by h.
19
Let x(i) = -2*i**3 - 6*i**2 - 4*i + 4. Let c(v) = v**2 - 2*v - 12. Let h be c(8). Let u = h - 39. What is the remainder when 110 is divided by x(u)?
14
Let v be (-4)/(-6) + ((-42)/9)/7. Let i(h) = 3*h**2 - h + 68. Let u be i(v). Suppose r = -3*r + u. What is the remainder when r is divided by 5?
2
Let l = -362 - -118. Let j = l - -260. Calculate the remainder when 26 is divided by j.
10
Let j(s) = 83*s**2 + 100*s + 162. Calculate the remainder when j(-2) is divided by (-109)/(-3) + 2/3.
35
Let w(q) = -2*q**3 - q**2 + 5*q + 8. Calculate the remainder when w(-6) is divided by 111.
41
Suppose 0 = -2*s + 1397 - 1365. Let r(z) = -23*z - 17. Let o be r(-10). Suppose 6*m = o + 351. What is the remainder when m is divided by s?
14
Let z(f) = -3*f + 4*f**2 + 5*f - 2 + 3*f**2. Let o be z(1). Suppose -o*n - 23 = -8*n. What is the remainder when n is divided by 13?
10
Let h(z) = z**2 + 74*z + 1452. Calculate the remainder when 238 is divided by h(-39).
64
Let d(y) = -y**2 - 11*y - 20. Let o be (-4 - 4/4) + -1. What is the remainder when d(o) is divided by (-4)/8*(-5 + -1)?
1
Let i be 2275/52 + (5/(-4))/(-5). Calculate the remainder when 24 is divided by (-56)/(-35)*165/i.
0
Suppose -10*n - 22599 = -35069. What is the remainder when n is divided by 48?
47
Let r = 307 + -63. Suppose -r = -21*w + 71. Calculate the remainder when w is divided by 9.
6
Suppose y - 3*u = 77, -4*u = 5*y + u - 285. Calculate the remainder when 256 is divided by y.
8
Suppose -2*r = 3*x - 143, 46 = x - 0*x - r. What is the remainder when 2349 is divided by x?
46
Let k be (-2 + 1)/(-5 - (-10952)/2192). Let s = k + -139. What is the remainder when s is divided by 48?
39
Suppose -260*x + 233*x + 3132 = 0. What is the remainder when 975 is divided by x?
47
Let t(o) = o**2 + 607*o - 10590. Calculate the remainder when 680 is divided by t(17).
14
Let q(o) = -11 - 2 - 6457*o**2 + 6459*o**2. Calculate the remainder when q(-9) is divided by 31.
25
Let q(w) = w**3 - 11*w**2 + 18*w + 85. What is the remainder when 1102 is divided by q(9)?
82
Suppose -2*l = -20 + 14. Suppose 2*j - 82 = -2*a, -l*a + 3*j = -5 - 112. Calculate the remainder when 72 is divided by a.
32
Let f = 14 + 6. Suppose 0 = -17*x + 86 + 16. Suppose 70 = x*y - f. What is the remainder when 89 is divided by y?
14
Let f be (34/(-3))/((-215)/105 - -2). Let p = 644 - f. Calculate the remainder when p is divided by 17.
15
Let s = -429 - -432. Let p(l) = l**3 + l**2 - l + 17. Calculate the remainder when p(s) is divided by 17.
16
Let z = 25 + -70. Let d = z - -35. Calculate the remainder when 2/((-4)/d)*6/10 is divided by 1.
0
Let l = -20 + 72. Suppose -o - l = -5*o. What is the remainder when o is divided by 4*(78/108 + (-4)/18)?
1
Let g(l) = 93*l - 902. Calculate the remainder when g(11) is divided by 85.
36
What is the remainder when 704 is divided by 45900/200*(-12)/(-27)?
92
Let h = 501 - 379. Calculate the remainder when 6583 is divided by h.
117
Suppose 19*w = -15*w - 2346. Calculate the remainder when 106 is divided by w/(-2) + (-24)/(-16).
34
Suppose 2*q - 338 = 4*u, -4*q + 420*u - 416*u + 696 = 0. Calculate the remainder when q is divided by 23.
18
Let r(x) = x**2 + 132. Let b = 408 - 393. Calculate the remainder when r(0) is divided by b.
12
Let p = 19 - 56. Let s = p + 107. Calculate the remainder when s is divided by ((-12)/(-18))/((-5)/180*-2).
10
Let o be ((-513)/228)/(0 + 3/8). Let d(q) = -13*q - 45. What is the remainder when d(o) is divided by 9?
6
Suppose 4*z = -4*i + 2152, -5*z + 10*z = 3*i + 2682. Let y(w) = -563*w + 91255. Calculate the remainder when z is divided by y(162).
47
Let g(u) = -5*u - 2. Calculate the remainder when (2/(-1) - (-52)/8)*(-3200)/(-480) is divided by g(-2).
6
Let h(l) = 332*l - 615. Calculate the remainder when 163 is divided by h(2).
16
Let q = -60 - -25. Let y be 1253/q*-8 - 4/10. Suppose 4*f = -3*k + 178, -5*k - 2*f = 2*f - y. What is the remainder when k is divided by 11?
10
Let g = -75 - -579. What is the remainder when g is divided by 269?
235
Let o = -1558 + 799. Let i = 779 + o. What is the remainder when i is divided by (0 - -1)/(3/21)?
6
Suppose -3*i + 1252 = -m + 4107, 0 = -3*m - 5*i + 8481. Calculate the remainder when m is divided by 1.
0
Suppose 12*k - 474 = 186. Suppose -2*q + 37 = -15. What is the remainder when k is divided by q?
3
Suppose -15791 = 62*w + 7025. Let b = -335 - w. Calculate the remainder when b is divided by 11/1 + 2/2.
9
Suppose 31*k = 3*a + 27*k - 29, -2*a + 16 = -k. What is the remainder when 5676 is divided by a?
6
Let c = -18 - -22. Let o(i) = 7*i + 84. What is the remainder when o(-6) is divided by 7 + (c - (3 + -1))?
6
Let n be (28/(-42))/(2/(-69)). Suppose 5802 - 1501 =